{"id":121,"date":"2015-09-03T20:05:56","date_gmt":"2015-09-03T20:05:56","guid":{"rendered":"http:\/\/semeiatv.com\/rapidbike\/?page_id=121"},"modified":"2019-05-16T20:39:04","modified_gmt":"2019-05-16T20:39:04","slug":"acessorios","status":"publish","type":"page","link":"http:\/\/rapidbike.com.br\/site\/acessorios","title":{"rendered":"Acess\u00f3rios"},"content":{"rendered":"<div class=\"uk-panel uk-panel-box\">\n<div class=\"uk-grid uk-flex-middle\" data-uk-grid-margin>\n<div class=\"uk-width-medium-1-2\">\n<style>.embed-container { position: relative; padding-bottom: 56.25%; height: 0; overflow: hidden; max-width: 100%; } .embed-container iframe, .embed-container object, .embed-container embed { position: absolute; top: 0; left: 0; width: 100%; height: 100%; }<\/style>\n<div class='embed-container'><iframe src='https:\/\/www.youtube.com\/embed\/K69pqr5E36w' frameborder='0' allowfullscreen><\/iframe><\/div>\n<\/p><\/div>\n<div class=\"uk-width-medium-1-2\">\n<div class=\"uk-panel\">\n<h3 class=\"uk-h4 uk-margin-top-remove\">Quick shifter up\/down &#8211; Blipper<\/h3>\n<div class=\"uk-margin\">\n<p>A mais recente inova\u00e7\u00e3o da Rapid Bike, representa um grande avan\u00e7o em termos de solu\u00e7\u00e3o de quick shifter,  gra\u00e7as a um desenvolvimento tecnol\u00f3gico que permite realizar mudan\u00e7as de marcha para cima (modo tradicional) e para baixo (o chamado &#8216;blipper&#8217;, dispon\u00edvel somente para modelos equipados com &#8216;ride by wire&#8217;). Um novo dispositivo que alcan\u00e7a padr\u00f5es t\u00e9cnicos inigual\u00e1veis, projetados para oferecer excelente desempenho aos entusiastas das pistas de corrida e maior experi\u00eancia de pilotagem.<\/p>\n<p>O novo m\u00f3dulo adicional troca informa\u00e7\u00f5es com os m\u00f3dulos EVO e RACING via barramento CAN que permite executar a calibra\u00e7\u00e3o autom\u00e1tica do tempo de parada de deslocamento em rela\u00e7\u00e3o \u00e0 press\u00e3o aplicada em ambas as dire\u00e7\u00f5es, subindo e descendo marchas, combinando a configura\u00e7\u00e3o peculiar do motor.<\/p>\n<\/p><\/div>\n<\/p><\/div>\n<\/p><\/div>\n<\/p><\/div>\n<\/div>\n<hr \/>\n\n<div class=\"uk-grid uk-grid-width-1-1 uk-grid-match uk-text-left \" data-uk-grid-match=\"{target:'> div > .uk-panel'}\" data-uk-grid-margin>\n\n\n    <div>\n        <div class=\"uk-panel uk-panel-box\" data-uk-scrollspy=\"{cls:'uk-animation-scale-up', delay:0}\">\n\n            \n                        <div class=\"uk-grid uk-flex-middle\" data-uk-grid-margin>\n                <div class=\"uk-width-medium-1-4 uk-float-right uk-flex-order-last-medium\">\n                    <img decoding=\"async\" src=\"\/site\/wp-content\/uploads\/2015\/09\/ace-youtune.jpg\" alt=\"Youtune\">                <\/div>\n                <div class=\"uk-width-medium-3-4\">\n                    <div class=\"uk-panel\">\n            \n                        <h3 class=\"uk-h4 uk-margin-top-remove\">Youtune<\/h3>\n            \n            \n                        <div class=\"uk-margin\">YouTune \u00e9 o novo dispositivo da linha Rapid Bike que coloca uma revolu\u00e7\u00e3o tecnol\u00f3gica em suas m\u00e3os. Com aspecto compacto e inovador, ele permite ajustar a performance de sua moto em tempo real, seja na rua ou em uma corrida. Esse acess\u00f3rio pode ser adquirido separadamente para instala\u00e7\u00e3o em m\u00f3dulos EVO e RACING.  GERENCIAMENTO DOS PAR\u00c2METROS AR\/COMBUST\u00cdVEL para otimizar a queima de combust\u00edvel em tempo real. <br \/><br \/>\n\n<i class=\"uk-icon-justify uk-icon-plus\"><\/i> <strong>GERENCIAMENTO ELETR\u00d4NICO DO QUICK SHIFTER<\/strong> para altera\u00e7\u00f5es no tempo de corte.<br \/><br \/>\n\n<i class=\"uk-icon-justify uk-icon-plus\"><\/i> <strong>MOSTRADOR DE PAR\u00c2METROS DO MOTOR<\/strong> incluindo RPM, TPS, ARF, Status da Sonda Lambda, etc.<br \/><br \/>\n\n<i class=\"uk-icon-justify uk-icon-plus\"><\/i> <strong>GERENCIAMENTO DO FREIO MOTOR*<\/strong> para modificar e modular os efeitos do freio motor.<br \/><br \/>\n\n<i class=\"uk-icon-justify uk-icon-plus\"><\/i> <strong>ACIONAMENTO E GERENCIAMENTO DO CONTROLE DE TRA\u00c7\u00c3O*<\/strong> para ativar a fun\u00e7\u00e3o controle de tra\u00e7\u00e3o e alterar todas as configura\u00e7\u00f5es para aumentar ou diminuir seus efeitos.<br \/><br \/>\n\n<i class=\"uk-icon-justify uk-icon-plus\"><\/i> <strong>ATIVA\u00c7\u00c3O E GERENCIAMENTO DO CONTROLE DE LARGADA*<\/strong> para ativar e comandar as configura\u00e7\u00f5es para a melhor largada poss\u00edvel.<br \/><br \/>\n\n<small>*Dispon\u00edvel para Rapid Bike Racing.<\/small><\/div>\n            \n            \n            \n                                <\/div>\n                <\/div>\n            <\/div>\n            \n        <\/div>\n    <\/div>\n\n\n    <div>\n        <div class=\"uk-panel uk-panel-box\" data-uk-scrollspy=\"{cls:'uk-animation-scale-up', delay:300}\">\n\n            \n                        <div class=\"uk-grid uk-flex-middle\" data-uk-grid-margin>\n                <div class=\"uk-width-medium-1-4 uk-float-right uk-flex-order-last-medium\">\n                    <img decoding=\"async\" src=\"\/site\/wp-content\/uploads\/2015\/09\/ace-my-tuning.jpg\" alt=\"My Tuning Bike\">                <\/div>\n                <div class=\"uk-width-medium-3-4\">\n                    <div class=\"uk-panel\">\n            \n                        <h3 class=\"uk-h4 uk-margin-top-remove\">My Tuning Bike<\/h3>\n            \n            \n                        <div class=\"uk-margin\"><p>O My Tuning Bike executa em tempo real o auto remapeamento de acordo com o objeto especifico da rela\u00e7\u00e3o ar\/combust\u00edvel. A grande diferen\u00e7a deste equipamento \u00e9 o tempo que ele leva para executar a opera\u00e7\u00e3o devido sua comunica\u00e7\u00e3o CAN-BUS e um sensor de oxig\u00eanio linear proporcionando o auto remapeamento da inje\u00e7\u00e3o e automaticamente buscando a taxa ar\/combust\u00edvel ideal.<\/p>\n\n<p>A maior diferen\u00e7a entre o My Tuning Bike e o dispositivo auto adaptativo dispon\u00edvel nos m\u00f3dulos Evo\/Racing \u00e9 a velocidade requerida para completar a opera\u00e7\u00e3o de remapeamento. O My Tuning Bike leva cerca de 20 minutos para fazer o remapeamento completo ao passo que os m\u00f3dulos Evo\/Racing por si s\u00f3 levam cerca de 2 horas (baseando-se no caso de sensores originais da motocicleta).<\/p>\n\n<p>Os valores de inje\u00e7\u00e3o s\u00e3o modificados para responder imediatamente as mudan\u00e7as nas condi\u00e7\u00f5es clim\u00e1ticas e estilos de estrada.<\/p><\/div>\n            \n            \n            \n                                <\/div>\n                <\/div>\n            <\/div>\n            \n        <\/div>\n    <\/div>\n\n\n<\/div>\n\n<div class=\"uk-grid uk-grid-width-1-1 uk-grid-width-medium-1-2 uk-grid-match uk-text-left \" data-uk-grid-match=\"{target:'> div > .uk-panel'}\" data-uk-grid-margin>\n\n\n    <div>\n        <div class=\"uk-panel uk-panel-box\" data-uk-scrollspy=\"{cls:'uk-animation-scale-up', delay:0}\">\n\n            \n                        <div class=\"uk-grid \" data-uk-grid-margin>\n                <div class=\"uk-width-medium-1-2 uk-float-right uk-flex-order-last-medium\">\n                    <img decoding=\"async\" src=\"\/site\/wp-content\/uploads\/2015\/09\/ace-tuning-bike.jpg\" alt=\"Tuning Bike\">                <\/div>\n                <div class=\"uk-width-medium-1-2\">\n                    <div class=\"uk-panel\">\n            \n                        <h3 class=\"uk-h4 uk-margin-top-remove\">Tuning Bike<\/h3>\n            \n            \n                        <div class=\"uk-margin\">Tuning Bike \u00e9 um dispositivo port\u00e1til para profissionais concebido para criar at\u00e9 dois mapas de inje\u00e7\u00e3o para os m\u00f3dulos Rapid Bike. Os mapas s\u00e3o baseados na rela\u00e7\u00e3o ar\/combust\u00edvel, que \u00e9 adquirido a partir do g\u00e1s de escape produzido quando a motocicleta est\u00e1 em funcionamento.<\/div>\n            \n            \n            \n                                <\/div>\n                <\/div>\n            <\/div>\n            \n        <\/div>\n    <\/div>\n\n\n    <div>\n        <div class=\"uk-panel uk-panel-box\" data-uk-scrollspy=\"{cls:'uk-animation-scale-up', delay:300}\">\n\n            \n                        <div class=\"uk-grid \" data-uk-grid-margin>\n                <div class=\"uk-width-medium-1-2 uk-float-right uk-flex-order-last-medium\">\n                    <img decoding=\"async\" src=\"\/site\/wp-content\/uploads\/2015\/09\/ace-blue0bike.jpg\" alt=\"Kit Blue Bike\">                <\/div>\n                <div class=\"uk-width-medium-1-2\">\n                    <div class=\"uk-panel\">\n            \n                        <h3 class=\"uk-h4 uk-margin-top-remove\">Kit Blue Bike<\/h3>\n            \n            \n                        <div class=\"uk-margin\">Dispositivo opcional que permite criar uma conex\u00e3o entre o PC e o m\u00f3dulo Rapid Bike com o uso de tecnologia Bluetooth sem necessidade de fios para fazer a conex\u00e3o (no m\u00e1ximo 50 metros) uma solu\u00e7\u00e3o perfeita para a \u00e1rea dos boxes e espa\u00e7os estreitos.<\/div>\n            \n            \n            \n                                <\/div>\n                <\/div>\n            <\/div>\n            \n        <\/div>\n    <\/div>\n\n\n    <div>\n        <div class=\"uk-panel uk-panel-box\" data-uk-scrollspy=\"{cls:'uk-animation-scale-up', delay:600}\">\n\n            \n                        <div class=\"uk-grid \" data-uk-grid-margin>\n                <div class=\"uk-width-medium-1-2 uk-float-right uk-flex-order-last-medium\">\n                    <img decoding=\"async\" src=\"\/site\/wp-content\/uploads\/2015\/09\/ace-adori.jpg\" alt=\"Adori Adaptador\">                <\/div>\n                <div class=\"uk-width-medium-1-2\">\n                    <div class=\"uk-panel\">\n            \n                        <h3 class=\"uk-h4 uk-margin-top-remove\">Adori Adaptador<\/h3>\n            \n            \n                        <div class=\"uk-margin\"><p>Um m\u00f3dulo especial by-pass, Adori (Adaptador para recriar condi\u00e7\u00f5es originais) permite voltar as condi\u00e7\u00f5es originais da motocicleta sem a desinstala\u00e7\u00e3o do Rapid Bike. \u00c9 \u00fatil principalmente em \u00e1reas com restri\u00e7\u00f5es para uso de acess\u00f3rios de alto desempenho. F\u00e1cil e r\u00e1pido.<\/p>\n<p>Com o Adori \u00e9 poss\u00edvel ter uma compara\u00e7\u00e3o imediata do desempenho da motocicleta em condi\u00e7\u00f5es reais de condu\u00e7\u00e3o.<\/p><\/div>\n            \n            \n            \n                                <\/div>\n                <\/div>\n            <\/div>\n            \n        <\/div>\n    <\/div>\n\n\n    <div>\n        <div class=\"uk-panel uk-panel-box\" data-uk-scrollspy=\"{cls:'uk-animation-scale-up', delay:900}\">\n\n            \n                        <div class=\"uk-grid \" data-uk-grid-margin>\n                <div class=\"uk-width-medium-1-2 uk-float-right uk-flex-order-last-medium\">\n                    <img decoding=\"async\" src=\"\/site\/wp-content\/uploads\/2017\/01\/Quick-Shifter.jpg\" alt=\"Quick shifter\">                <\/div>\n                <div class=\"uk-width-medium-1-2\">\n                    <div class=\"uk-panel\">\n            \n                        <h3 class=\"uk-h4 uk-margin-top-remove\">Quick shifter<\/h3>\n            \n            \n                        <div class=\"uk-margin\">O Quick shifter se comunica com os m\u00f3dulos Evo e Racing via Can-bus, a fim de garantir um tempo de corte muito mais preciso e imediato. \u00c9 uma solu\u00e7\u00e3o inovadora que permite uma redu\u00e7\u00e3o do tempo de corte em at\u00e9 20 milissegundos, de acordo com as peculiaridades do motor e etilo de pilotagem. O resultado final \u00e9 uma troca de marcha mais r\u00e1pida, suave e com menor desgaste mec\u00e2nico. Trata-se de um acess\u00f3rio universal, Plug&Play, tanto para cambio normal ou invertido. \u00c9 poss\u00edvel customizar o tempo de corte, a press\u00e3o no pedal para troca e outros par\u00e2metros usando o software Rapid Bike, ou em tempo real pelo pr\u00f3prio piloto atrav\u00e9s do Youtune.<\/div>\n            \n            \n            \n                                <\/div>\n                <\/div>\n            <\/div>\n            \n        <\/div>\n    <\/div>\n\n\n    <div>\n        <div class=\"uk-panel uk-panel-box\" data-uk-scrollspy=\"{cls:'uk-animation-scale-up', delay:1200}\">\n\n            \n                        <div class=\"uk-grid \" data-uk-grid-margin>\n                <div class=\"uk-width-medium-1-2 uk-float-right uk-flex-order-last-medium\">\n                    <img decoding=\"async\" src=\"\/site\/wp-content\/uploads\/2015\/09\/ace-seletor-mapas.jpg\" alt=\"Seletor de Mapas no Guid\u00e3o\">                <\/div>\n                <div class=\"uk-width-medium-1-2\">\n                    <div class=\"uk-panel\">\n            \n                        <h3 class=\"uk-h4 uk-margin-top-remove\">Seletor de Mapas no Guid\u00e3o<\/h3>\n            \n            \n                        <div class=\"uk-margin\">Em combina\u00e7\u00e3o com o Rapid Bike Evo\/Racing permite a troca imediata entre diferentes conjuntos de mapas: inje\u00e7\u00e3o, igni\u00e7\u00e3o, limites (inclusive controle de RPM para pit-lane), controle de freio-motor e inje\u00e7\u00e3o auto adaptativa.<\/div>\n            \n            \n            \n                                <\/div>\n                <\/div>\n            <\/div>\n            \n        <\/div>\n    <\/div>\n\n\n    <div>\n        <div class=\"uk-panel uk-panel-box\" data-uk-scrollspy=\"{cls:'uk-animation-scale-up', delay:1500}\">\n\n            \n                        <div class=\"uk-grid \" data-uk-grid-margin>\n                <div class=\"uk-width-medium-1-2 uk-float-right uk-flex-order-last-medium\">\n                    <img decoding=\"async\" src=\"\/site\/wp-content\/uploads\/2015\/09\/ace-pit-lane.jpg\" alt=\"Limitador de Pit Lane\">                <\/div>\n                <div class=\"uk-width-medium-1-2\">\n                    <div class=\"uk-panel\">\n            \n                        <h3 class=\"uk-h4 uk-margin-top-remove\">Limitador de Pit Lane<\/h3>\n            \n            \n                        <div class=\"uk-margin\">Limitador de RPM pr\u00e9-determinado pelo instalador no m\u00f3dulo Rapid Bike e tem como principal fun\u00e7\u00e3o limitar somente a RPM (velocidade por consequ\u00eancia), podendo ser definido com a mesma RPM para todas as marchas ou ent\u00e3o um por marcha*.\n\n<small>*Verificar disponibilidade de leitura do sensor de marcha.<\/small><\/div>\n            \n            \n            \n                                <\/div>\n                <\/div>\n            <\/div>\n            \n        <\/div>\n    <\/div>\n\n\n<\/div>\n","protected":false},"excerpt":{"rendered":"<p>Quick shifter up\/down &#8211; Blipper A mais recente inova\u00e7\u00e3o da Rapid Bike, representa um grande avan\u00e7o em termos de solu\u00e7\u00e3o de quick shifter, gra\u00e7as a um desenvolvimento tecnol\u00f3gico que permite realizar mudan\u00e7as de marcha para cima (modo tradicional) e para baixo (o chamado &#8216;blipper&#8217;, dispon\u00edvel somente para modelos equipados com &#8216;ride by wire&#8217;). Um novo [&hellip;]<\/p>\n","protected":false},"author":1,"featured_media":0,"parent":0,"menu_order":0,"comment_status":"closed","ping_status":"open","template":"","meta":{"footnotes":""},"class_list":["post-121","page","type-page","status-publish","hentry"],"_links":{"self":[{"href":"http:\/\/rapidbike.com.br\/site\/wp-json\/wp\/v2\/pages\/121","targetHints":{"allow":["GET"]}}],"collection":[{"href":"http:\/\/rapidbike.com.br\/site\/wp-json\/wp\/v2\/pages"}],"about":[{"href":"http:\/\/rapidbike.com.br\/site\/wp-json\/wp\/v2\/types\/page"}],"author":[{"embeddable":true,"href":"http:\/\/rapidbike.com.br\/site\/wp-json\/wp\/v2\/users\/1"}],"replies":[{"embeddable":true,"href":"http:\/\/rapidbike.com.br\/site\/wp-json\/wp\/v2\/comments?post=121"}],"version-history":[{"count":19,"href":"http:\/\/rapidbike.com.br\/site\/wp-json\/wp\/v2\/pages\/121\/revisions"}],"predecessor-version":[{"id":421,"href":"http:\/\/rapidbike.com.br\/site\/wp-json\/wp\/v2\/pages\/121\/revisions\/421"}],"wp:attachment":[{"href":"http:\/\/rapidbike.com.br\/site\/wp-json\/wp\/v2\/media?parent=121"}],"curies":[{"name":"wp","href":"https:\/\/api.w.org\/{rel}","templated":true}]}}